ime?
True
Is 127617877 a prime number?
True
Is 61104383 a prime number?
False
Is 318275719 a prime number?
True
Is 775867 prime?
False
Is 7843298 a prime number?
False
Is 14509361 a composite number?
True
Is 2353577 prime?
True
Is 449764373 composite?
True
Is 9284071 a prime number?
True
Is 414131659 a composite number?
False
Is 373283233 prime?
False
Is 9702131 a prime number?
False
Is 14419417 a prime number?
False
Is 1019324279 composite?
False
Is 3506863 a prime number?
True
Is 31506737 a prime number?
False
Is 28509457 prime?
True
Is 18241127 prime?
True
Is 4776781 composite?
True
Is 7538411 prime?
False
Is 117657313 composite?
False
Is 127017271 composite?
False
Is 1014419 a composite number?
True
Is 11008297 a composite number?
False
Is 48867927 a composite number?
True
Is 12410995 composite?
True
Is 992057 composite?
True
Is 37096271 prime?
True
Is 9845677 prime?
True
Is 2466661 composite?
False
Is 5110709 composite?
False
Is 77610223 a prime number?
False
Is 534799 a prime number?
True
Is 3100807 prime?
True
Is 35158001 prime?
True
Is 923773 a composite number?
False
Is 370699 a composite number?
True
Is 9089989 prime?
True
Is 622967863 a composite number?
True
Is 96092903 a prime number?
True
Is 58282207 a prime number?
False
Is 1888147 a prime number?
False
Is 183133547 composite?
True
Is 1404233 prime?
False
Is 377553149 prime?
False
Is 8494861 a composite number?
True
Is 303871 a prime number?
True
Is 3793289 composite?
False
Is 240460097 a composite number?
False
Is 88241099 composite?
False
Is 2599733 a prime number?
False
Is 26008811 prime?
False
Is 279805709 a composite number?
True
Is 2183617 a prime number?
False
Is 385117 a composite number?
True
Is 12992963 composite?
True
Is 129192733 a prime number?
True
Is 364177 prime?
False
Is 43690477 a prime number?
True
Is 7129439 a composite number?
False
Is 19639021 a prime number?
False
Is 27082291 composite?
False
Is 2177654 a composite number?
True
Is 385897 prime?
True
Is 8246377 a prime number?
False
Is 112327 a prime number?
True
Is 5693881 a composite number?
False
Is 32584571 a composite number?
False
Is 28396081 prime?
False
Is 3752261 composite?
False
Is 11534129 prime?
False
Is 2841733 composite?
False
Is 55067227 a composite number?
False
Is 3846361 a prime number?
False
Is 1022429 prime?
True
Is 22885517 a composite number?
False
Is 139187 a composite number?
False
Is 9789235 composite?
True
Is 19629469 a composite number?
False
Is 7142738 a composite number?
True
Is 12644599 a prime number?
False
Is 27665021 composite?
True
Is 467983309 prime?
True
Is 4524097 prime?
True
Is 32838521 composite?
True
Is 258374069 composite?
False
Is 1891301 composite?
True
Is 150343411 a prime number?
True
Is 2206417 composite?
False
Is 25513483 prime?
True
Is 995453 prime?
False
Is 4552671 a prime number?
False
Is 102159847 composite?
False
Is 10282997 composite?
False
Is 10842341 composite?
False
Is 80628107 composite?
True
Is 904861 composite?
False
Is 1515511 a prime number?
False
Is 264994879 composite?
True
Is 14534521 a prime number?
False
Is 189082261 prime?
False
Is 9541303 prime?
False
Is 133834749 composite?
True
Is 12707047 composite?
False
Is 4022599 prime?
False
Is 7110287 a composite number?
True
Is 70387397 prime?
True
Is 243099391 composite?
False
Is 6691129 prime?
True
Is 7085317 a prime number?
False
Is 36367511 composite?
False
Is 2602553 a composite number?
True
Is 3102000817 a prime number?
True
Is 3883811 a prime number?
True
Is 284941 prime?
False
Is 18890999 prime?
False
Is 3546641 composite?
True
Is 9238618 a prime number?
False
Is 897149 a prime number?
False
Is 115689173 a composite number?
False
Is 5478989 a prime number?
True
Is 1843609 composite?
True
Is 5272417 a prime number?
False
Is 7364821 prime?
True
Is 11992831 prime?
True
Is 11127183 prime?
False
Is 39516987 composite?
True
Is 459486073 a composite number?
False
Is 14972521 composite?
False
Is 386985119 a prime number?
True
Is 34029997 prime?
True
Is 294738131 prime?
True
Is 2117273 composite?
False
Is 351135593 prime?
True
Is 12096017 composite?
True
Is 101667139 a prime number?
False
Is 37636367 prime?
True
Is 435971 prime?
False
Is 26265853 a prime number?
False
Is 3072409 a prime number?
False
Is 26391277 a composite number?
True
Is 15477829 a prime number?
False
Is 63567242 composite?
True
Is 446741173 prime?
False
Is 63214889 a prime number?
False
Is 8877577 a prime number?
False
Is 25029029 composite?
False
Is 3174959 a composite number?
False
Is 4815149 prime?
False
Is 6096751 composite?
False
Is 477259 a prime number?
True
Is 171113363 a prime number?
True
Is 5573461 prime?
True
Is 154112897 prime?
False
Is 39931093 composite?
True
Is 298838611 a prime number?
False
Is 9714647 composite?
True
Is 3701669 a composite number?
True
Is 15280777 a composite number?
True
Is 5682299 prime?
False
Is 16921798 composite?
True
Is 10736573 a prime number?
False
Is 10395233 composite?
False
Is 38741987 composite?
True
Is 5624761 prime?
True
Is 117791 a composite number?
True
Is 10354361 a composite number?
False
Is 4958131 prime?
True
Is 2600921 a composite number?
True
Is 724991 composite?
False
Is 90006779 composite?
False
Is 65583589 a composite number?
False
Is 109765357 a prime number?
False
Is 338322581 prime?
False
Is 285913307 a composite number?
False
Is 54145583 a composite number?
True
Is 131948057 composite?
True
Is 20902381 a prime number?
True
Is 75866803 prime?
True
Is 22186733 a composite number?
True
Is 7154509 prime?
False
Is 8356697 composite?
False
Is 677549 composite?
True
Is 15056959 a composite number?
False
Is 21069673 composite?
True
Is 26556731 prime?
True
Is 23399141 composite?
True
Is 1206331193 composite?
False
Is 77301149 composite?
False
Is 22023277 a composite number?
True
Is 14407727 prime?
True
Is 241335287 prime?
False
Is 147625067 a prime number?
True
Is 186761606 a prime number?
False
Is 28677739 a prime number?
True
Is 26906393 a composite number?
True
Is 55580237 a composite number?
True
Is 73891411 a composite number?
True
Is 1623961 a prime number?
False
Is 5509859 composite?
False
Is 304710713 a prime number?
True
Is 255333529 composite?
True
Is 39222021 prime?
False
Is 2897579 composite?
False
Is 2747336689 a prime number?
True
Is 7308043 prime?
False
Is 9864427 a composite number?
False
Is 25014587 composite?
True
Is 85159157 prime?
True
Is 46082849 a prime number?
False
Is 73851523 a prime number?
False
Is 534895169 a prime number?
False
Is 6041 prime?
False
Is 1126451 prime?
False
Is 8253029 a prime number?
True
Is 162140567 a prime number?
True
Is 5251097 prime?
True
Is 759263 prime?
True
Is 19857553 prime?
True
Is 51764113 composite?
True
Is 4392259 a prime number?
True
Is 236366191 a composite number?
False
Is 10732173 a composite number?
True
Is 4487887 a composite number?
False
Is 6588321 a prime number?
False
Is 5821097 composite?
False
Is 1650371 prime?
True
Is 23991911 a prime number?
False
Is 6909067 a composite number?
True
Is 1180631 a prime number?
True
Is 2329937 a composite number?
False
Is 13116757 composite?
True
Is 1400403 a prime number?
False
Is 534512051 a composite number?
False
Is 14015401 a prime number?
True
Is 463441 a prime number?
False
Is 4850143 composite?
True
Is 1997311 a composite number?
False
Is 564959513 prime?
False
Is 226655281 prime?
False
Is 1684667 a composite number?
False
Is 725489 a prime number?
False
Is 30531911 composite?
True
Is 4270421 a prime number?
False
Is 4335941 composite?
True
Is 211748479 a prime number?
True
Is 22469 a prime number?
True
Is 150220409 prime?
True
Is 81779177 prime?
False
Is 14259653 a prime number?
False
Is 68371 a composite number?
False
Is 36214681 a composite number?
False
Is 578910949 a prime number?
False
Is 192430061 composite?
False
Is 17664611 a prime number?
True
Is 22925437 prime?
False
Is 69883 a prime number?
False
Is 4361471 composite?
False
Is 5124943 composite?
False
Is 1097255611 composite?
False
Is 36813919 prime?
False
Is 580176793 composite?
True
Is 2600047 composite?
True
Is 174183007 a composite number?
True
Is 9390529 a prime number?
True
Is 22489667 composite?
False
Is 2245517 a composite number?
True
Is 21063673 a composite number?
False
Is 35280323 compos